u be ((-26)/(-78))/(0 + (-2)/(-6)). Suppose 2*l - 18 = 4*p, -5*p + 4*p - u = 0. Let a be (-1 - -1) + 77/1. Calculate the highest common divisor of a and l.
7
Let s(h) = -h**3 + 8*h**2 + h + 18. Let i be (-1)/6 + (-1666)/(-204). Let n be s(i). Calculate the highest common factor of n and 4.
2
Let f be 34 - (1 + 1/(-1)). Suppose -12*o + 65 = o. Suppose -o*i + 530 = -660. Calculate the greatest common divisor of i and f.
34
Suppose -16*s + 3923 + 1005 = 0. What is the highest common divisor of s and 6314?
154
Suppose -3*w + 3*r - r = -893, -2*r = -w + 303. Let a be 36/(-15) + (-6660)/(-900). Calculate the greatest common divisor of w and a.
5
Let c(q) = 41*q**2 - 2*q - 145 + 0*q + 239 - q**3. Let z be c(41). What is the highest common divisor of 8 and z?
4
Let c = -2 + 2. Suppose -m - 4*m + 200 = c. Let f = 7602 + -7594. What is the highest common divisor of m and f?
8
Let w = 270 - 202. Suppose 3*n = 9, -69*k - 2*n = -w*k - 1925. What is the highest common divisor of 19 and k?
19
Let n(t) = 110*t + 612. Let l be n(-6). Let z be (-8)/(1 + (-21)/19). Let k = z + l. Calculate the highest common divisor of 4 and k.
4
Let x(g) be the third derivative of 4*g**2 - 1/12*g**4 - 23/6*g**3 + 0 + 0*g. Let d be x(-14). What is the greatest common factor of d and 20?
5
Suppose -2*j - 4*l + 7*l = -567, 0 = -5*l + 15. Let q = -252 + j. What is the highest common factor of q and 12?
12
Suppose 5*o = 5*z - 690, 17*o = 3*z + 11*o - 399. What is the greatest common divisor of 754 and z?
13
Let d be 0 + 1 - 7*(7792/(-112) - 6). Calculate the greatest common factor of 1802 and d.
106
Suppose 120*p - 119*p = 58. What is the greatest common factor of p and 20?
2
Let u = 121 + -121. Let n be (-1)/((-5)/(-6) - (1 + u)). Suppose -n*f = -1007 - 337. What is the highest common factor of f and 32?
32
Suppose 5*f = -5*v - 12 + 317, -5*f = v - 81. Suppose -5*g - 9 = -44. What is the highest common factor of v and g?
7
Let q = 538 - 541. Let f be ((-12)/(-5))/(q/(-100)) + 6. Calculate the highest common divisor of f and 301.
43
Let v(m) = m**2 + 2*m. Let p be 12/(-8)*12/9. Let f be v(p). Suppose 8*o - o - 420 = f. Calculate the greatest common divisor of 12 and o.
12
Let l be (-7 + 2 + 7 - 0) + 5. Suppose -l*b + 290 = -214. Calculate the greatest common factor of 504 and b.
72
Let s = -37 + 41. Let l be s - (-4 - (-24)/4). Let d be 15/(l + (1 - -3)/(-8)). What is the highest common divisor of 30 and d?
10
Suppose 4*c + 4*q - 252 = 0, -3*c + 3*q - 32 = -227. Suppose -1 + 25 = 3*u. Suppose 176 = u*f + c. What is the greatest common divisor of f and 28?
14
Suppose -3*b + 12456 = 3*t, 10222 = 3*b - 2*t - 2264. What is the greatest common divisor of 126 and b?
126
Let i be -6 - (-22*(-63)/(-14) + -6). Calculate the greatest common factor of 270 and i.
9
Suppose -25*n + 29*n = 8. Suppose 3*x - n*l = 72 + 17, 121 = 4*x - 5*l. Calculate the greatest common divisor of x and 203.
29
Let t be (9/3)/((-9)/(-30)). Let n be (-5)/t - (-133)/2. Let u = 20 + n. Calculate the greatest common divisor of 43 and u.
43
Let d be (-92 + -15 + 9)*21/(-2). Calculate the greatest common factor of 126 and d.
21
Let g = -11116 - -11516. What is the greatest common divisor of 64 and g?
16
Let f be 0/(0 - -2)*(-6)/6. Suppose f = 9*r - 152 - 1. Suppose -3 - r = -5*w. Calculate the greatest common divisor of w and 20.
4
Let b be 222/9 + 0 + (-2)/3. Suppose -b*p + 2100 = -3*p. Let z(i) = i**3 - i**2 - i + 25. Let y be z(0). Calculate the greatest common factor of y and p.
25
Let b = -3699 + 3881. What is the highest common divisor of b and 7189?
91
Let w(p) = 474*p + 2394. Let l be w(-5). Let u be 44/(-7) + 6/21. Let v be ((-24)/(-10))/(u/(-80)). What is the greatest common divisor of v and l?
8
Let t(k) = 6 + 0*k**2 - 3 + 75 - 4*k**2 + 3*k**2 + 14*k. Let a be t(13). What is the greatest common divisor of 35 and a?
7
Let v(u) = -u**2 + 64*u - 236. Let x be v(38). Calculate the highest common divisor of 188 and x.
188
Suppose -5*r + 190 = 90. Suppose 2*w + r*w - 9328 = 0. Calculate the greatest common factor of w and 8.
8
Suppose -4*j + 1697 = 4*z + 445, 3*j - z - 919 = 0. Let k = -108 - -130. What is the greatest common divisor of j and k?
22
Let a(n) = 7*n**3 + 3*n**2 + 38*n + 230. Let c be a(10). What is the greatest common factor of 70 and c?
70
Let z be 91/(-1456) - 3458/(-32). What is the greatest common factor of z and 10548?
36
Let f be 10/(-60) - (-3890)/12. Let y = -108 + f. What is the greatest common factor of y and 48?
24
Let o be 65/(-52)*2*68/(-10). What is the greatest common divisor of o and 9826?
17
Let n be (1 - 2 - -13)/(664/1328). Calculate the greatest common factor of 512 and n.
8
Let x(f) = 156*f - 604. Let g be x(4). Let i be 4/2 + (-1602)/(-9). What is the greatest common divisor of i and g?
20
Suppose 4*z - 60 = -2*n, -5*z = 5*n - 194 + 69. Suppose t = -0*t + n. Let m = 680 - 672. Calculate the highest common divisor of m and t.
4
Let u be 1620/(-24)*(-2)/3. Let w = u - 27. Suppose -2*a - a + 432 = 0. Calculate the highest common factor of w and a.
18
Suppose -3*k + 5*j + 46 = 0, 54*j = -k + 42*j - 53. What is the highest common divisor of 3 and k?
1
Let t be ((-400)/(-12))/(-10)*151065/(-75). What is the highest common divisor of t and 18?
18
Suppose -4 = -11*o + 12*o, 4*m - 1704 = -o. Let h = m + -415. What is the highest common divisor of 300 and h?
12
Let y = 7816 + -7797. Suppose -3*t = -7*t + 2052. What is the highest common factor of t and y?
19
Let a be 3/(-21) + 45/21. Suppose a*t = -0*t - 3*f + 61, 4*t = 4*f + 132. Let m = 37 - t. What is the greatest common factor of m and 35?
5
Let y = 168 - -53. Let z = 818 - 805. What is the greatest common factor of z and y?
13
Suppose -5*n - 6*v + 16 = -10*v, -5*n = -v - 4. Let h = -1519 + 2219. Suppose n = -18*s + 32*s - h. Calculate the highest common divisor of 75 and s.
25
Let n(p) = 4*p**2 + 2*p + 6. Let m be n(-4). Let t = 34528 + -34497. What is the greatest common factor of m and t?
31
Let r(g) = -g**2 - 14*g + 32. Let k be r(-13). Let t be 24 - (5/(-3))/((-75)/270). Calculate the highest common factor of t and k.
9
Suppose -2*n - 20 = 3*n. Let d = n - -17. Let l = -808 + 821. Calculate the greatest common factor of l and d.
13
Let d(m) = -m**3 + 50*m**2 + 163*m - 211. Let f be d(53). Suppose -22 = -3*b + b. Calculate the greatest common factor of b and f.
1
Suppose -196 = -4*y + 316. Let b be ((-2)/(-11))/(348/15312). What is the highest common divisor of b and y?
8
Suppose -3*m = 5*k - 13372, 0 = -2*k + 5*m + 1536 + 3788. Calculate the highest common factor of k and 8.
8
Let h be ((-2)/(-3))/((-17)/(-1020)). Let t = 64 + -52. What is the highest common divisor of t and h?
4
Let o(b) = -b**2 + 6*b + 127. Let a be o(14). Suppose a*m - 11*m = 1100. Calculate the greatest common divisor of m and 22.
11
Suppose 2*i + 3*r = 1, 3*r + 24 = -4*i + 7*i. Suppose d - 4*z + 2*z = -3, 45 = i*d + 5*z. Calculate the greatest common factor of 10 and d.
5
Let t be (2/6)/(22/1122). Suppose r - 3*m = -5*m + t, -3*r + 4*m + 31 = 0. What is the highest common divisor of 143 and r?
13
Let x(z) = 16*z**2 - 156*z - 456. Let f be x(-3). Calculate the greatest common divisor of f and 1924.
52
Let c(g) = 11*g - 13. Let s be c(-25). Let m be (s/(-9))/(2/8*1). What is the greatest common factor of m and 56?
8
Let s(g) = 14*g - 3. Let w be s(2). Let d = -2448 - -2773. What is the highest common factor of d and w?
25
Let k(z) = 4*z - 38. Let d be k(29). Let m be d/(-15)*1*-15. Calculate the highest common factor of 9 and m.
3
Let v = 16858 - 16585. Calculate the greatest common factor of 4407 and v.
39
Suppose 14*d + 4 = 10*d, 4*v - 7 = -5*d. Suppose v*l - 3*p = 15, -5*l + 0*p + 53 = 2*p. Calculate the greatest common factor of 9 and l.
9
Suppose 125*i = 1814 - 314. What is the greatest common factor of 108 and i?
12
Suppose -5*b + 5*z + 640 = 0, 4*b = -2*z + 119 + 423. Let k = -124 + b. Calculate the highest common factor of 99 and k.
9
Suppose -3*o + 54 = -3*b, 3*o + 3*b = 263 - 209. Calculate the greatest common divisor of 243 and o.
9
Let u = -8629 - -8683. What is the greatest common factor of u and 432?
54
Let t(w) be the second derivative of 3*w**5/4 - 2*w**3 + 3*w**2 + w. Let i be t(3). Calculate the greatest common factor of i and 150.
75
Suppo